 5*s - 7901. What is the tens digit of s?
2
Let a be 2*-2 - -1 - (6 + -5). What is the tens digit of (-2)/2 + a + 356/4?
8
Suppose 0*q + 3*q - 69 = 3*c, -2*q = 2*c + 46. Suppose -2*z = -6 + 22. Let d = z - c. What is the tens digit of d?
1
Let d = -8 - -12. Let b = d + -2. Suppose 5*s - 3*r = 155, -b*s - 3*s = -r - 155. What is the units digit of s?
1
Let z(i) = i - 10. Let l be z(7). Let t be (3 - 5) + l + 42. Suppose -m + 2 = -3*n, 7*n - t = -m + 3*n. What is the units digit of m?
7
Suppose 5*s + 5 = 4*i, 4*s + i = -0*i + 17. Let m(p) = -s*p + 2*p - 2 + 2*p. What is the units digit of m(7)?
5
Let l be (-1 + 3)/1*2. Suppose 0 = 9*j - l*j + 35. Let h(k) = k**2 + 4*k + 3. What is the units digit of h(j)?
4
Let h be 482/4 - 1/2. What is the units digit of 18/15*h/2?
2
Suppose 0 = 3*l + 4*f - 24, l - 4*f = -l - 4. Suppose l*h = -0*h - 12, -2*h + 157 = o. What is the hundreds digit of o?
1
Let t(c) = 8 - c + 3 - 7 + 7. Let q be t(3). Suppose 0 = -5*o + q + 197. What is the tens digit of o?
4
Let g(q) = -5*q + 8. Let y be g(-3). Suppose -92 = -3*z - 35. Suppose y = n - z. What is the tens digit of n?
4
Let i(h) = -h**2 - 42*h - 2. What is the units digit of i(-25)?
3
What is the tens digit of (6/(30/805))/1?
6
Let q(g) = -79*g**3 - g**2 - 5*g - 13. What is the tens digit of q(-2)?
2
Let l(r) be the second derivative of 0 - 2/3*r**3 + 6*r + 1/2*r**2. What is the units digit of l(-3)?
3
Let h(p) = p**2 - 17*p + 4. Let u be (46/(-4))/(3/12*-2). What is the units digit of h(u)?
2
Let d be (8 + -11 + (-10)/(-3))*78. Suppose 24*n + 356 = d*n. What is the units digit of n?
8
What is the units digit of 0 - (-5442)/14 - 16/(-56)?
9
Suppose 3*u = 764 - 98. What is the tens digit of u?
2
Let c be 4/1*(-12 - -36). Let p = 154 - c. What is the tens digit of p?
5
Let h(p) = -73*p - 128. What is the hundreds digit of h(-9)?
5
Let i(q) = -2*q**3 - q**2 + 6*q + 4. Let b be i(-2). Suppose b*k + 30 = 858. What is the tens digit of k?
0
Suppose 5*d + 19 - 79 = 0. Let x = 94 + d. What is the hundreds digit of x?
1
Let j(b) = b**3 + 5*b**2 - 4. Let f(h) = -3*h + 20. Let o be f(8). What is the tens digit of j(o)?
1
Suppose 21*b + 19224 = 30*b. What is the thousands digit of b?
2
Let j be (-1)/(-3)*(-625947)/(-41). Suppose -18*t + 95 = -j. What is the hundreds digit of t?
2
Suppose -a - 5*p + 804 = 0, -5*p = a - 5*a + 3291. What is the tens digit of a?
1
Let p(m) = m**3 + 2*m**2 - 1. Let v be p(0). Let j(r) = -138*r. What is the tens digit of j(v)?
3
Let i(a) = -a**2 - 7*a - 7. Let k be i(-5). Let t be (-3 + k)*(-2 - -3). Suppose 3*h = -t*h + 21. What is the units digit of h?
7
Suppose -5*v = -3*v. Let c = 6 - v. What is the units digit of c?
6
Let j(u) be the second derivative of 17*u**3/3 + 5*u**2/2 - 12*u. What is the units digit of j(3)?
7
Suppose 82 = -4*l - n, n + 2*n = -5*l - 106. What is the units digit of 3 + 753/5 - 8/l?
4
Suppose -6820 = -114*j + 103*j. What is the units digit of j?
0
Suppose -4*p + 7*p + 21 = 0. What is the units digit of ((-102)/12 - p) + 70/4?
6
Let q = 826 - 365. What is the units digit of q?
1
Suppose -3*n = -4*h - 723, 0 = -n + 3*h + 2*h + 241. Let o = -129 + n. What is the units digit of o?
2
Let y be (-159)/9 + 2/3. Let i = y + 22. What is the units digit of i?
5
Suppose 10*i = 885 + 875. What is the hundreds digit of i?
1
Suppose -22*t + 19*t = -3*i - 10770, 2*i + 10 = 0. What is the tens digit of t?
8
Let u be (-51 + -22)*(3 + -1). Let a = -47 - u. Suppose -39 = 5*r - a. What is the units digit of r?
2
Suppose a - 2*h + 8 + 12 = 0, 5*a - 2*h = -92. Let m be 0 + -8*5/2. Let r = a - m. What is the units digit of r?
2
Suppose 3*u - 8*u + 10 = 0. Suppose 0 = -u*p + 3*t - 6*t + 165, -4*t = -2*p + 172. Suppose 4*z = 7*z - p. What is the tens digit of z?
2
Let y = 59 - 20. Let q = -17 + y. What is the tens digit of q?
2
What is the units digit of (48/28)/(-6) - 3440/(-35)?
8
Let g(v) be the first derivative of -v**3/3 - 3*v**2 + v + 111. Let t(o) = -5*o**2 - 1. Let w be t(1). What is the units digit of g(w)?
1
Suppose -4*y = -1137 - 3263. What is the units digit of y?
0
Let f(o) = -o**3 + 7*o**2 + 10*o + 7. Let i be 71/(-7) - 1/(-7). Let g be (5/i)/((-2)/32). What is the tens digit of f(g)?
2
Suppose 3*b + b + 4*m = 20, 4*b - 17 = -m. Suppose b*k + 69 = 253. What is the tens digit of k?
4
Suppose 5*g + 2*k - 25 = 0, 5*g + 3*k = 27 - 7. Let l be (-16)/2*(-280)/32. What is the units digit of 40/g + 20/l?
6
What is the hundreds digit of 2/((-4)/(-6)) + (1350 - -4)?
3
Let a(m) = 4*m**2 - 42*m + 35. What is the units digit of a(10)?
5
Let c(z) = -9*z + 29*z + 8*z + 28 - 9*z. Let k(g) = -6*g - 9. Let q(v) = -2*c(v) - 7*k(v). What is the tens digit of q(7)?
3
Suppose -5376 = -20*x - 4*x. What is the tens digit of x?
2
Let d(w) = -7*w**3 - 7*w**2 - 7*w - 14. Let a(i) = 19*i**3 + 22*i**2 + 20*i + 43. Let k(l) = 4*a(l) + 11*d(l). What is the hundreds digit of k(9)?
2
Let j(h) be the first derivative of -h**3/3 - 5*h**2 - 12*h + 3. Let q be j(-8). Suppose q*v - 2*d = 12, 4*v + v - 21 = 4*d. What is the units digit of v?
1
Suppose d + 4 - 9 = 0. Suppose -d*g + 51 + 9 = 0. Suppose -w + g = -24. What is the units digit of w?
6
Let s = -1125 + 1973. What is the units digit of s?
8
Suppose -j = -152 + 8. Suppose -2*v + v + j = 0. What is the hundreds digit of v?
1
Suppose -6*j - 99 = -3*j. Let r be 6/j - 228/(-44). What is the units digit of 106/2*(6 - r)?
3
Suppose 5*l + 1180 = 5*f + l, 257 = f - 5*l. What is the hundreds digit of f?
2
Suppose 6*b = 8*b + 34. Let k(r) = -r**2 - 16*r + 24. What is the units digit of k(b)?
7
Suppose -2*l = l - 6. Let v(s) = -17*s - 1. Let j be v(-2). Suppose l*w = -3*z + j, -3*w = 5*z - 7*w - 33. What is the units digit of z?
9
What is the units digit of (205 - 207) + (950*1 - 1)?
7
Suppose 65*b - 64827 = 30658. What is the hundreds digit of b?
4
What is the tens digit of 958 - -6*2/(-4)?
5
Suppose -4*t = 2*r - 862, -r - 45 = -t + 178. What is the units digit of t?
8
Let g = 304 - 239. What is the tens digit of g?
6
Suppose -22 = -4*g + 2*l, g - 3*l + 8 = -7*l. Suppose i - g*i = -p - 562, -751 = -4*i + p. What is the units digit of i?
9
Let v(u) = u**3 + 15*u**2 + 7*u + 3. What is the units digit of v(-14)?
1
Let t(s) = -13*s - 4. Let w be t(-4). Let g = -2 + w. What is the units digit of g?
6
Let d be (2/4)/(4/(-208)). Let x = d + 47. What is the units digit of x?
1
Let i(n) = -12*n - 6. Let o be i(-1). Suppose -o*x + 26 = -4*x. What is the units digit of x?
3
Let l = -299 - -130. Let t = l + 316. What is the tens digit of t?
4
What is the hundreds digit of 1446/8*5*(-24)/(-45)?
4
Let j(w) = -3*w**2 + 17*w - 5. Let v be j(7). Suppose -448 + 100 = -6*s. Let c = s + v. What is the tens digit of c?
2
Suppose -566 = -5*c - 3*b, 6 = 4*b - 2. Let a = -6 + c. What is the tens digit of a?
0
Let o be (-6)/4 + (-7)/(-14). Let b be 4/o*(0 + 2). Let l = 19 + b. What is the tens digit of l?
1
Suppose -88*d = -61*d - 23733. What is the tens digit of d?
7
What is the hundreds digit of 332*12*2/16?
4
Let d(m) = -m**3 - 10*m**2 - 11*m - 1. What is the hundreds digit of d(-14)?
9
Let y = 2346 + -1368. What is the hundreds digit of y?
9
Let q be (-4 + 40/12)*-6. Suppose q*r - 23 - 25 = 0. What is the units digit of r?
2
Let z = -1 - 0. Suppose 3*d + 38 - 2 = 0. What is the units digit of (d/(-24))/(z/(-8))?
4
Let h(o) = -o**2 + 7*o + 14. Suppose 0 = c - 0 - 7. What is the units digit of h(c)?
4
Let o(w) = w**3 + 5*w**2 + w. Let a be o(-4). Suppose 2*z - a = -z. Suppose -2*m + 3*c = -26, 2*c - 49 = -3*m + z*c. What is the units digit of m?
9
Let x = 6 - 1. Suppose -o - x*v - 21 = 0, 5*v - 2 + 22 = 0. What is the units digit of 0 + o - (3 - 33)?
9
Let u(j) = j**3 - 3*j**2 - 4*j + 2. Let h be u(4). Suppose 0 = 7*b - h*b + 90. What is the units digit of (-2)/(-6) + (-228)/b?
3
Suppose -3*l + 349 = 5*o, 2*l + 3*o - 458 = -2*l. What is the hundreds digit of l?
1
Let v(i) = -i**2 - 6*i - 6. Suppose 0 = -2*z + 4*z + 8. Let f be v(z). Suppose -5*x = -f*x - 6. What is the units digit of x?
2
Suppose 51 = -4*g + 55. What is the tens digit of (-5)/(3/(-2) + g)*10?
0
Let f(u) = 0 - 15 + 0 - u. Let y be f(-15). Suppose -5*t + 102 - 7 = y. What is the units digit of t?
9
Let l = -43 + 47. What is the units digit of (3 - (l - 6)) + 0?
5
Suppose -6*k + 7